{"id":289,"date":"2023-05-09T10:53:06","date_gmt":"2023-05-09T10:53:06","guid":{"rendered":"https:\/\/hof-vogel.de\/?page_id=289"},"modified":"2023-05-09T10:56:05","modified_gmt":"2023-05-09T10:56:05","slug":"wir-werden-gefoerdert","status":"publish","type":"page","link":"https:\/\/hof-vogel.de\/?page_id=289","title":{"rendered":"EU-F\u00f6rderung"},"content":{"rendered":"\n<figure class=\"wp-block-image size-full\"><img loading=\"lazy\" decoding=\"async\" width=\"674\" height=\"799\" src=\"https:\/\/hof-vogel.de\/wp-content\/uploads\/2023\/05\/Neue-Bitmap-2.bmp\" alt=\"\" class=\"wp-image-290\" srcset=\"https:\/\/hof-vogel.de\/wp-content\/uploads\/2023\/05\/Neue-Bitmap-2.bmp 674w, https:\/\/hof-vogel.de\/wp-content\/uploads\/2023\/05\/Neue-Bitmap-2-253x300.jpg 253w\" sizes=\"auto, (max-width: 674px) 85vw, 674px\" \/><\/figure>\n","protected":false},"excerpt":{"rendered":"","protected":false},"author":1,"featured_media":0,"parent":0,"menu_order":0,"comment_status":"closed","ping_status":"closed","template":"","meta":{"footnotes":""},"class_list":["post-289","page","type-page","status-publish","hentry"],"yoast_head":"<!-- This site is optimized with the Yoast SEO plugin v27.4 - https:\/\/yoast.com\/product\/yoast-seo-wordpress\/ -->\n<title>EU-F\u00f6rderung - Hof Vogel<\/title>\n<meta name=\"robots\" content=\"index, follow, max-snippet:-1, max-image-preview:large, max-video-preview:-1\" \/>\n<link rel=\"canonical\" href=\"https:\/\/hof-vogel.de\/?page_id=289\" \/>\n<meta property=\"og:locale\" content=\"de_DE\" \/>\n<meta property=\"og:type\" content=\"article\" \/>\n<meta property=\"og:title\" content=\"EU-F\u00f6rderung - Hof Vogel\" \/>\n<meta property=\"og:url\" content=\"https:\/\/hof-vogel.de\/?page_id=289\" \/>\n<meta property=\"og:site_name\" content=\"Hof Vogel\" \/>\n<meta property=\"article:modified_time\" content=\"2023-05-09T10:56:05+00:00\" \/>\n<meta property=\"og:image\" content=\"https:\/\/hof-vogel.de\/wp-content\/uploads\/2023\/05\/Neue-Bitmap-2.bmp\" \/>\n<meta name=\"twitter:card\" content=\"summary_large_image\" \/>\n<meta name=\"twitter:label1\" content=\"Gesch\u00e4tzte Lesezeit\" \/>\n\t<meta name=\"twitter:data1\" content=\"1\u00a0Minute\" \/>\n<script type=\"application\/ld+json\" class=\"yoast-schema-graph\">{\"@context\":\"https:\\\/\\\/schema.org\",\"@graph\":[{\"@type\":\"WebPage\",\"@id\":\"https:\\\/\\\/hof-vogel.de\\\/?page_id=289\",\"url\":\"https:\\\/\\\/hof-vogel.de\\\/?page_id=289\",\"name\":\"EU-F\u00f6rderung - Hof Vogel\",\"isPartOf\":{\"@id\":\"https:\\\/\\\/hof-vogel.de\\\/#website\"},\"primaryImageOfPage\":{\"@id\":\"https:\\\/\\\/hof-vogel.de\\\/?page_id=289#primaryimage\"},\"image\":{\"@id\":\"https:\\\/\\\/hof-vogel.de\\\/?page_id=289#primaryimage\"},\"thumbnailUrl\":\"https:\\\/\\\/hof-vogel.de\\\/wp-content\\\/uploads\\\/2023\\\/05\\\/Neue-Bitmap-2.bmp\",\"datePublished\":\"2023-05-09T10:53:06+00:00\",\"dateModified\":\"2023-05-09T10:56:05+00:00\",\"breadcrumb\":{\"@id\":\"https:\\\/\\\/hof-vogel.de\\\/?page_id=289#breadcrumb\"},\"inLanguage\":\"de\",\"potentialAction\":[{\"@type\":\"ReadAction\",\"target\":[\"https:\\\/\\\/hof-vogel.de\\\/?page_id=289\"]}]},{\"@type\":\"ImageObject\",\"inLanguage\":\"de\",\"@id\":\"https:\\\/\\\/hof-vogel.de\\\/?page_id=289#primaryimage\",\"url\":\"https:\\\/\\\/hof-vogel.de\\\/wp-content\\\/uploads\\\/2023\\\/05\\\/Neue-Bitmap-2.bmp\",\"contentUrl\":\"https:\\\/\\\/hof-vogel.de\\\/wp-content\\\/uploads\\\/2023\\\/05\\\/Neue-Bitmap-2.bmp\",\"width\":674,\"height\":799},{\"@type\":\"BreadcrumbList\",\"@id\":\"https:\\\/\\\/hof-vogel.de\\\/?page_id=289#breadcrumb\",\"itemListElement\":[{\"@type\":\"ListItem\",\"position\":1,\"name\":\"Startseite\",\"item\":\"https:\\\/\\\/hof-vogel.de\\\/\"},{\"@type\":\"ListItem\",\"position\":2,\"name\":\"EU-F\u00f6rderung\"}]},{\"@type\":\"WebSite\",\"@id\":\"https:\\\/\\\/hof-vogel.de\\\/#website\",\"url\":\"https:\\\/\\\/hof-vogel.de\\\/\",\"name\":\"Hof Vogel\",\"description\":\"\",\"publisher\":{\"@id\":\"https:\\\/\\\/hof-vogel.de\\\/#organization\"},\"potentialAction\":[{\"@type\":\"SearchAction\",\"target\":{\"@type\":\"EntryPoint\",\"urlTemplate\":\"https:\\\/\\\/hof-vogel.de\\\/?s={search_term_string}\"},\"query-input\":{\"@type\":\"PropertyValueSpecification\",\"valueRequired\":true,\"valueName\":\"search_term_string\"}}],\"inLanguage\":\"de\"},{\"@type\":\"Organization\",\"@id\":\"https:\\\/\\\/hof-vogel.de\\\/#organization\",\"name\":\"Hof Vogel\",\"url\":\"https:\\\/\\\/hof-vogel.de\\\/\",\"logo\":{\"@type\":\"ImageObject\",\"inLanguage\":\"de\",\"@id\":\"https:\\\/\\\/hof-vogel.de\\\/#\\\/schema\\\/logo\\\/image\\\/\",\"url\":\"https:\\\/\\\/hof-vogel.de\\\/wp-content\\\/uploads\\\/2019\\\/02\\\/Villa-H\u00fchnergl\u00fcck_Logo_Zeichenfl\u00e4che-1.png\",\"contentUrl\":\"https:\\\/\\\/hof-vogel.de\\\/wp-content\\\/uploads\\\/2019\\\/02\\\/Villa-H\u00fchnergl\u00fcck_Logo_Zeichenfl\u00e4che-1.png\",\"width\":2341,\"height\":1997,\"caption\":\"Hof Vogel\"},\"image\":{\"@id\":\"https:\\\/\\\/hof-vogel.de\\\/#\\\/schema\\\/logo\\\/image\\\/\"}}]}<\/script>\n<!-- \/ Yoast SEO plugin. -->","yoast_head_json":{"title":"EU-F\u00f6rderung - Hof Vogel","robots":{"index":"index","follow":"follow","max-snippet":"max-snippet:-1","max-image-preview":"max-image-preview:large","max-video-preview":"max-video-preview:-1"},"canonical":"https:\/\/hof-vogel.de\/?page_id=289","og_locale":"de_DE","og_type":"article","og_title":"EU-F\u00f6rderung - Hof Vogel","og_url":"https:\/\/hof-vogel.de\/?page_id=289","og_site_name":"Hof Vogel","article_modified_time":"2023-05-09T10:56:05+00:00","og_image":[{"url":"https:\/\/hof-vogel.de\/wp-content\/uploads\/2023\/05\/Neue-Bitmap-2.bmp","type":"","width":"","height":""}],"twitter_card":"summary_large_image","twitter_misc":{"Gesch\u00e4tzte Lesezeit":"1\u00a0Minute"},"schema":{"@context":"https:\/\/schema.org","@graph":[{"@type":"WebPage","@id":"https:\/\/hof-vogel.de\/?page_id=289","url":"https:\/\/hof-vogel.de\/?page_id=289","name":"EU-F\u00f6rderung - Hof Vogel","isPartOf":{"@id":"https:\/\/hof-vogel.de\/#website"},"primaryImageOfPage":{"@id":"https:\/\/hof-vogel.de\/?page_id=289#primaryimage"},"image":{"@id":"https:\/\/hof-vogel.de\/?page_id=289#primaryimage"},"thumbnailUrl":"https:\/\/hof-vogel.de\/wp-content\/uploads\/2023\/05\/Neue-Bitmap-2.bmp","datePublished":"2023-05-09T10:53:06+00:00","dateModified":"2023-05-09T10:56:05+00:00","breadcrumb":{"@id":"https:\/\/hof-vogel.de\/?page_id=289#breadcrumb"},"inLanguage":"de","potentialAction":[{"@type":"ReadAction","target":["https:\/\/hof-vogel.de\/?page_id=289"]}]},{"@type":"ImageObject","inLanguage":"de","@id":"https:\/\/hof-vogel.de\/?page_id=289#primaryimage","url":"https:\/\/hof-vogel.de\/wp-content\/uploads\/2023\/05\/Neue-Bitmap-2.bmp","contentUrl":"https:\/\/hof-vogel.de\/wp-content\/uploads\/2023\/05\/Neue-Bitmap-2.bmp","width":674,"height":799},{"@type":"BreadcrumbList","@id":"https:\/\/hof-vogel.de\/?page_id=289#breadcrumb","itemListElement":[{"@type":"ListItem","position":1,"name":"Startseite","item":"https:\/\/hof-vogel.de\/"},{"@type":"ListItem","position":2,"name":"EU-F\u00f6rderung"}]},{"@type":"WebSite","@id":"https:\/\/hof-vogel.de\/#website","url":"https:\/\/hof-vogel.de\/","name":"Hof Vogel","description":"","publisher":{"@id":"https:\/\/hof-vogel.de\/#organization"},"potentialAction":[{"@type":"SearchAction","target":{"@type":"EntryPoint","urlTemplate":"https:\/\/hof-vogel.de\/?s={search_term_string}"},"query-input":{"@type":"PropertyValueSpecification","valueRequired":true,"valueName":"search_term_string"}}],"inLanguage":"de"},{"@type":"Organization","@id":"https:\/\/hof-vogel.de\/#organization","name":"Hof Vogel","url":"https:\/\/hof-vogel.de\/","logo":{"@type":"ImageObject","inLanguage":"de","@id":"https:\/\/hof-vogel.de\/#\/schema\/logo\/image\/","url":"https:\/\/hof-vogel.de\/wp-content\/uploads\/2019\/02\/Villa-H\u00fchnergl\u00fcck_Logo_Zeichenfl\u00e4che-1.png","contentUrl":"https:\/\/hof-vogel.de\/wp-content\/uploads\/2019\/02\/Villa-H\u00fchnergl\u00fcck_Logo_Zeichenfl\u00e4che-1.png","width":2341,"height":1997,"caption":"Hof Vogel"},"image":{"@id":"https:\/\/hof-vogel.de\/#\/schema\/logo\/image\/"}}]}},"_links":{"self":[{"href":"https:\/\/hof-vogel.de\/index.php?rest_route=\/wp\/v2\/pages\/289","targetHints":{"allow":["GET"]}}],"collection":[{"href":"https:\/\/hof-vogel.de\/index.php?rest_route=\/wp\/v2\/pages"}],"about":[{"href":"https:\/\/hof-vogel.de\/index.php?rest_route=\/wp\/v2\/types\/page"}],"author":[{"embeddable":true,"href":"https:\/\/hof-vogel.de\/index.php?rest_route=\/wp\/v2\/users\/1"}],"replies":[{"embeddable":true,"href":"https:\/\/hof-vogel.de\/index.php?rest_route=%2Fwp%2Fv2%2Fcomments&post=289"}],"version-history":[{"count":2,"href":"https:\/\/hof-vogel.de\/index.php?rest_route=\/wp\/v2\/pages\/289\/revisions"}],"predecessor-version":[{"id":293,"href":"https:\/\/hof-vogel.de\/index.php?rest_route=\/wp\/v2\/pages\/289\/revisions\/293"}],"wp:attachment":[{"href":"https:\/\/hof-vogel.de\/index.php?rest_route=%2Fwp%2Fv2%2Fmedia&parent=289"}],"curies":[{"name":"wp","href":"https:\/\/api.w.org\/{rel}","templated":true}]}}