{"id":18,"date":"2019-01-16T09:21:29","date_gmt":"2019-01-16T09:21:29","guid":{"rendered":"http:\/\/hof-vogel.de\/?page_id=18"},"modified":"2021-07-14T08:56:17","modified_gmt":"2021-07-14T08:56:17","slug":"huehnerglueck-freilandeier","status":"publish","type":"page","link":"https:\/\/hof-vogel.de\/?page_id=18","title":{"rendered":"H\u00fchnergl\u00fcck"},"content":{"rendered":"\n<p><strong>Gl\u00fcckliche &amp; gesunde H\u00fchner<\/strong> <\/p>\n\n\n\n<div class=\"wp-block-media-text alignwide is-stacked-on-mobile\"><figure class=\"wp-block-media-text__media\"><img loading=\"lazy\" decoding=\"async\" width=\"1024\" height=\"681\" src=\"https:\/\/hof-vogel.de\/wp-content\/uploads\/2021\/07\/DSC_0134-1024x681.jpg\" alt=\"\" class=\"wp-image-250 size-full\" srcset=\"https:\/\/hof-vogel.de\/wp-content\/uploads\/2021\/07\/DSC_0134-1024x681.jpg 1024w, https:\/\/hof-vogel.de\/wp-content\/uploads\/2021\/07\/DSC_0134-300x199.jpg 300w, https:\/\/hof-vogel.de\/wp-content\/uploads\/2021\/07\/DSC_0134-768x511.jpg 768w, https:\/\/hof-vogel.de\/wp-content\/uploads\/2021\/07\/DSC_0134-1536x1021.jpg 1536w, https:\/\/hof-vogel.de\/wp-content\/uploads\/2021\/07\/DSC_0134-2048x1362.jpg 2048w, https:\/\/hof-vogel.de\/wp-content\/uploads\/2021\/07\/DSC_0134-1200x798.jpg 1200w\" sizes=\"auto, (max-width: 709px) 85vw, (max-width: 909px) 67vw, (max-width: 1362px) 62vw, 840px\" \/><\/figure><div class=\"wp-block-media-text__content\">\n<p class=\"has-text-align-center\"><em><strong>Bei uns bekommen <\/strong><\/em><br><em><strong>Sie Ihr Fr\u00fchst\u00fccksei!<\/strong><\/em><br><\/p>\n<\/div><\/div>\n\n\n\n<p>Seit Februar 2019 haben rund 250 H\u00fchner ihr Zuhause in unserem H\u00fchnermobil gefunden. Im September 2020 erfolgte dann die Anschaffung eines zweiten Stalls um ganzj\u00e4hrig Eier anbieten zu k\u00f6nnen.<\/p>\n\n\n\n<div class=\"wp-block-image\"><figure class=\"aligncenter is-resized\"><img loading=\"lazy\" decoding=\"async\" src=\"https:\/\/hof-vogel.de\/wp-content\/uploads\/2019\/01\/H\u00fchnermobil3.JPG.jpg\" alt=\"\" class=\"wp-image-100\" width=\"633\" height=\"422\" srcset=\"https:\/\/hof-vogel.de\/wp-content\/uploads\/2019\/01\/H\u00fchnermobil3.JPG.jpg 612w, https:\/\/hof-vogel.de\/wp-content\/uploads\/2019\/01\/H\u00fchnermobil3.JPG-300x200.jpg 300w\" sizes=\"auto, (max-width: 633px) 85vw, 633px\" \/><\/figure><\/div>\n\n\n\n<p>Durch das regelm\u00e4\u00dfige\nUmstellen des mobilen Stalls stehen den H\u00fchnern immer wieder neue, frische und\nsaubere Auslauffl\u00e4chen auf unseren Weiden zur Verf\u00fcgung.<\/p>\n\n\n\n<p>Der st\u00e4ndige Zugang zum\nfrischen Gr\u00fcn, viel Platz, h\u00fchnerfreundliche Familiennester und ein gesundes\nStallklima machen unsere Haltungsform besonders artgerecht.<\/p>\n\n\n\n<figure class=\"wp-block-image size-large\"><img loading=\"lazy\" decoding=\"async\" width=\"1024\" height=\"681\" src=\"https:\/\/hof-vogel.de\/wp-content\/uploads\/2021\/07\/DSC_0085-1024x681.jpg\" alt=\"\" class=\"wp-image-253\" srcset=\"https:\/\/hof-vogel.de\/wp-content\/uploads\/2021\/07\/DSC_0085-1024x681.jpg 1024w, https:\/\/hof-vogel.de\/wp-content\/uploads\/2021\/07\/DSC_0085-300x199.jpg 300w, https:\/\/hof-vogel.de\/wp-content\/uploads\/2021\/07\/DSC_0085-768x511.jpg 768w, https:\/\/hof-vogel.de\/wp-content\/uploads\/2021\/07\/DSC_0085-1536x1021.jpg 1536w, https:\/\/hof-vogel.de\/wp-content\/uploads\/2021\/07\/DSC_0085-2048x1362.jpg 2048w, https:\/\/hof-vogel.de\/wp-content\/uploads\/2021\/07\/DSC_0085-1200x798.jpg 1200w\" sizes=\"auto, (max-width: 709px) 85vw, (max-width: 909px) 67vw, (max-width: 1362px) 62vw, 840px\" \/><\/figure>\n\n\n\n<p><strong>Wohlschmeckende &amp; nahrhafte Eier<\/strong><\/p>\n\n\n\n<p>Die hohe Qualit\u00e4t und den guten Geschmack der Eier k\u00f6nnen wir durch eine gesunde Ern\u00e4hrung unserer H\u00fchner gew\u00e4hrleisten. Daf\u00fcr nutzen wir bestes Futter aus der Region und unsere gro\u00dfz\u00fcgigen Freilandfl\u00e4chen, die Ihrem Fr\u00fchst\u00fccksei wertvolle N\u00e4hrstoffe verleihen. <\/p>\n\n\n\n<p><strong>Frisch &amp; ganz nah<\/strong><\/p>\n\n\n\n<p>Regionalit\u00e4t ist uns eine\nHerzensangelegenheit: Genauso wie das Futter stammen die Junghennen aus der\nMittelweser-Region.<\/p>\n\n\n\n<p>Die Eier werden t\u00e4glich in unserem H\u00fchnermobil gesammelt, welches nur wenige hundert Meter vom Hof entfernt steht. So garantieren wir Ihnen t\u00e4glich frische Eier f\u00fcr Ihre gesunde und ausgewogene Ern\u00e4hrung. <\/p>\n\n\n\n<p><strong>Wir haben 7 Tage in der Woche <\/strong><br><strong>24 Stunden f\u00fcr Sie ge\u00f6ffnet!<\/strong> &nbsp; <\/p>\n\n\n\n<figure class=\"wp-block-image\"><img loading=\"lazy\" decoding=\"async\" width=\"1024\" height=\"1024\" src=\"https:\/\/hof-vogel.de\/wp-content\/uploads\/2019\/02\/2018-09-Winterhoff-FWB-4-1024x1024.jpg\" alt=\"\" class=\"wp-image-156\" srcset=\"https:\/\/hof-vogel.de\/wp-content\/uploads\/2019\/02\/2018-09-Winterhoff-FWB-4-1024x1024.jpg 1024w, https:\/\/hof-vogel.de\/wp-content\/uploads\/2019\/02\/2018-09-Winterhoff-FWB-4-150x150.jpg 150w, https:\/\/hof-vogel.de\/wp-content\/uploads\/2019\/02\/2018-09-Winterhoff-FWB-4-300x300.jpg 300w, https:\/\/hof-vogel.de\/wp-content\/uploads\/2019\/02\/2018-09-Winterhoff-FWB-4-768x768.jpg 768w, https:\/\/hof-vogel.de\/wp-content\/uploads\/2019\/02\/2018-09-Winterhoff-FWB-4-1200x1200.jpg 1200w\" sizes=\"auto, (max-width: 709px) 85vw, (max-width: 909px) 67vw, (max-width: 1362px) 62vw, 840px\" \/><\/figure>\n\n\n\n<p>In unseren <strong>Selbstbedienungs-H\u00e4uschen<\/strong> k\u00f6nnen Sie sich mit <strong>Eiern von unseren gl\u00fccklichen H\u00fchnern<\/strong> versorgen. <\/p>\n\n\n\n<p>Sie finden uns direkt am H\u00fchnermobil (B215 Ortsausgang Rohrsen Richtung Ha\u00dfbergen) oder in Heemsen (B209 in der Ortsmitte am Haus der Gesundheit).<\/p>\n\n\n\n<div class=\"wp-block-image\"><figure class=\"aligncenter\"><img decoding=\"async\" src=\"http:\/\/hof-vogel.de\/wp-content\/uploads\/2019\/01\/H\u00fchnermobil3.JPG.jpg\" alt=\"\"\/><\/figure><\/div>\n\n\n\n<div class=\"wp-block-image\"><figure class=\"aligncenter\"><img decoding=\"async\" src=\"http:\/\/hof-vogel.de\/wp-content\/uploads\/2019\/01\/H\u00fchnermobil3-1024x682.jpg\" alt=\"\"\/><\/figure><\/div>\n\n\n\n<div class=\"wp-block-image\"><figure class=\"aligncenter\"><img decoding=\"async\" src=\"http:\/\/hof-vogel.de\/wp-content\/uploads\/2019\/01\/H\u00fchnermobil2-1024x682.jpg\" alt=\"\"\/><\/figure><\/div>\n\n\n\n<div class=\"wp-block-image\"><figure class=\"aligncenter\"><img decoding=\"async\" src=\"http:\/\/hof-vogel.de\/wp-content\/uploads\/2019\/01\/H\u00fchnermobil1-1024x682.jpg\" alt=\"\"\/><\/figure><\/div>\n\n\n\n<div class=\"wp-block-image\"><figure class=\"aligncenter\"><img decoding=\"async\" src=\"http:\/\/hof-vogel.de\/wp-content\/uploads\/2019\/01\/Huhn-1024x682.jpg\" alt=\"Frische Eier aus dem H\u00fchnermobil\"\/><\/figure><\/div>\n\n\n\n<div class=\"wp-block-image\"><figure class=\"aligncenter\"><img decoding=\"async\" src=\"http:\/\/hof-vogel.de\/wp-content\/uploads\/2019\/01\/H\u00fchner-1024x576.jpg\" alt=\"Frische Eier | Hof Vogel\"\/><\/figure><\/div>\n","protected":false},"excerpt":{"rendered":"<p>Gl\u00fcckliche &amp; gesunde H\u00fchner Bei uns bekommen Sie Ihr Fr\u00fchst\u00fccksei! Seit Februar 2019 haben rund 250 H\u00fchner ihr Zuhause in unserem H\u00fchnermobil gefunden. Im September 2020 erfolgte dann die Anschaffung eines zweiten Stalls um ganzj\u00e4hrig Eier anbieten zu k\u00f6nnen. Durch das regelm\u00e4\u00dfige Umstellen des mobilen Stalls stehen den H\u00fchnern immer wieder neue, frische und saubere &hellip; <a href=\"https:\/\/hof-vogel.de\/?page_id=18\" class=\"more-link\"><span class=\"screen-reader-text\">\u201eH\u00fchnergl\u00fcck\u201c <\/span>weiterlesen<\/a><\/p>\n","protected":false},"author":1,"featured_media":46,"parent":0,"menu_order":0,"comment_status":"closed","ping_status":"closed","template":"","meta":{"footnotes":""},"class_list":["post-18","page","type-page","status-publish","has-post-thumbnail","hentry"],"yoast_head":"<!-- This site is optimized with the Yoast SEO plugin v27.4 - https:\/\/yoast.com\/product\/yoast-seo-wordpress\/ -->\n<title>H\u00fchnergl\u00fcck - Hof Vogel<\/title>\n<meta name=\"description\" content=\"Freilandeier vom Hof Vogel in Rohrsen - In unseren Selbstbedienungs-H\u00e4uschen k\u00f6nnen Sie sich mit Eiern von gl\u00fccklichen H\u00fchnern versorgen.\" \/>\n<meta name=\"robots\" content=\"index, follow, max-snippet:-1, max-image-preview:large, max-video-preview:-1\" \/>\n<link rel=\"canonical\" href=\"https:\/\/hof-vogel.de\/?page_id=18\" \/>\n<meta property=\"og:locale\" content=\"de_DE\" \/>\n<meta property=\"og:type\" content=\"article\" \/>\n<meta property=\"og:title\" content=\"H\u00fchnergl\u00fcck - Hof Vogel\" \/>\n<meta property=\"og:description\" content=\"Freilandeier vom Hof Vogel in Rohrsen - In unseren Selbstbedienungs-H\u00e4uschen k\u00f6nnen Sie sich mit Eiern von gl\u00fccklichen H\u00fchnern versorgen.\" \/>\n<meta property=\"og:url\" content=\"https:\/\/hof-vogel.de\/?page_id=18\" \/>\n<meta property=\"og:site_name\" content=\"Hof Vogel\" \/>\n<meta property=\"article:modified_time\" content=\"2021-07-14T08:56:17+00:00\" \/>\n<meta property=\"og:image\" content=\"https:\/\/hof-vogel.de\/wp-content\/uploads\/2019\/01\/H\u00fchner.jpg\" \/>\n\t<meta property=\"og:image:width\" content=\"2666\" \/>\n\t<meta property=\"og:image:height\" content=\"1500\" \/>\n\t<meta property=\"og:image:type\" content=\"image\/jpeg\" \/>\n<meta name=\"twitter:card\" content=\"summary_large_image\" \/>\n<meta name=\"twitter:label1\" content=\"Gesch\u00e4tzte Lesezeit\" \/>\n\t<meta name=\"twitter:data1\" content=\"3\u00a0Minuten\" \/>\n<script type=\"application\/ld+json\" class=\"yoast-schema-graph\">{\"@context\":\"https:\\\/\\\/schema.org\",\"@graph\":[{\"@type\":\"WebPage\",\"@id\":\"https:\\\/\\\/hof-vogel.de\\\/?page_id=18\",\"url\":\"https:\\\/\\\/hof-vogel.de\\\/?page_id=18\",\"name\":\"H\u00fchnergl\u00fcck - Hof Vogel\",\"isPartOf\":{\"@id\":\"https:\\\/\\\/hof-vogel.de\\\/#website\"},\"primaryImageOfPage\":{\"@id\":\"https:\\\/\\\/hof-vogel.de\\\/?page_id=18#primaryimage\"},\"image\":{\"@id\":\"https:\\\/\\\/hof-vogel.de\\\/?page_id=18#primaryimage\"},\"thumbnailUrl\":\"https:\\\/\\\/hof-vogel.de\\\/wp-content\\\/uploads\\\/2019\\\/01\\\/H\u00fchner.jpg\",\"datePublished\":\"2019-01-16T09:21:29+00:00\",\"dateModified\":\"2021-07-14T08:56:17+00:00\",\"description\":\"Freilandeier vom Hof Vogel in Rohrsen - In unseren Selbstbedienungs-H\u00e4uschen k\u00f6nnen Sie sich mit Eiern von gl\u00fccklichen H\u00fchnern versorgen.\",\"breadcrumb\":{\"@id\":\"https:\\\/\\\/hof-vogel.de\\\/?page_id=18#breadcrumb\"},\"inLanguage\":\"de\",\"potentialAction\":[{\"@type\":\"ReadAction\",\"target\":[\"https:\\\/\\\/hof-vogel.de\\\/?page_id=18\"]}]},{\"@type\":\"ImageObject\",\"inLanguage\":\"de\",\"@id\":\"https:\\\/\\\/hof-vogel.de\\\/?page_id=18#primaryimage\",\"url\":\"https:\\\/\\\/hof-vogel.de\\\/wp-content\\\/uploads\\\/2019\\\/01\\\/H\u00fchner.jpg\",\"contentUrl\":\"https:\\\/\\\/hof-vogel.de\\\/wp-content\\\/uploads\\\/2019\\\/01\\\/H\u00fchner.jpg\",\"width\":2666,\"height\":1500,\"caption\":\"Frische Eier | Hof Vogel\"},{\"@type\":\"BreadcrumbList\",\"@id\":\"https:\\\/\\\/hof-vogel.de\\\/?page_id=18#breadcrumb\",\"itemListElement\":[{\"@type\":\"ListItem\",\"position\":1,\"name\":\"Startseite\",\"item\":\"https:\\\/\\\/hof-vogel.de\\\/\"},{\"@type\":\"ListItem\",\"position\":2,\"name\":\"H\u00fchnergl\u00fcck\"}]},{\"@type\":\"WebSite\",\"@id\":\"https:\\\/\\\/hof-vogel.de\\\/#website\",\"url\":\"https:\\\/\\\/hof-vogel.de\\\/\",\"name\":\"Hof Vogel\",\"description\":\"\",\"publisher\":{\"@id\":\"https:\\\/\\\/hof-vogel.de\\\/#organization\"},\"potentialAction\":[{\"@type\":\"SearchAction\",\"target\":{\"@type\":\"EntryPoint\",\"urlTemplate\":\"https:\\\/\\\/hof-vogel.de\\\/?s={search_term_string}\"},\"query-input\":{\"@type\":\"PropertyValueSpecification\",\"valueRequired\":true,\"valueName\":\"search_term_string\"}}],\"inLanguage\":\"de\"},{\"@type\":\"Organization\",\"@id\":\"https:\\\/\\\/hof-vogel.de\\\/#organization\",\"name\":\"Hof Vogel\",\"url\":\"https:\\\/\\\/hof-vogel.de\\\/\",\"logo\":{\"@type\":\"ImageObject\",\"inLanguage\":\"de\",\"@id\":\"https:\\\/\\\/hof-vogel.de\\\/#\\\/schema\\\/logo\\\/image\\\/\",\"url\":\"https:\\\/\\\/hof-vogel.de\\\/wp-content\\\/uploads\\\/2019\\\/02\\\/Villa-H\u00fchnergl\u00fcck_Logo_Zeichenfl\u00e4che-1.png\",\"contentUrl\":\"https:\\\/\\\/hof-vogel.de\\\/wp-content\\\/uploads\\\/2019\\\/02\\\/Villa-H\u00fchnergl\u00fcck_Logo_Zeichenfl\u00e4che-1.png\",\"width\":2341,\"height\":1997,\"caption\":\"Hof Vogel\"},\"image\":{\"@id\":\"https:\\\/\\\/hof-vogel.de\\\/#\\\/schema\\\/logo\\\/image\\\/\"}}]}<\/script>\n<!-- \/ Yoast SEO plugin. -->","yoast_head_json":{"title":"H\u00fchnergl\u00fcck - Hof Vogel","description":"Freilandeier vom Hof Vogel in Rohrsen - In unseren Selbstbedienungs-H\u00e4uschen k\u00f6nnen Sie sich mit Eiern von gl\u00fccklichen H\u00fchnern versorgen.","robots":{"index":"index","follow":"follow","max-snippet":"max-snippet:-1","max-image-preview":"max-image-preview:large","max-video-preview":"max-video-preview:-1"},"canonical":"https:\/\/hof-vogel.de\/?page_id=18","og_locale":"de_DE","og_type":"article","og_title":"H\u00fchnergl\u00fcck - Hof Vogel","og_description":"Freilandeier vom Hof Vogel in Rohrsen - In unseren Selbstbedienungs-H\u00e4uschen k\u00f6nnen Sie sich mit Eiern von gl\u00fccklichen H\u00fchnern versorgen.","og_url":"https:\/\/hof-vogel.de\/?page_id=18","og_site_name":"Hof Vogel","article_modified_time":"2021-07-14T08:56:17+00:00","og_image":[{"width":2666,"height":1500,"url":"https:\/\/hof-vogel.de\/wp-content\/uploads\/2019\/01\/H\u00fchner.jpg","type":"image\/jpeg"}],"twitter_card":"summary_large_image","twitter_misc":{"Gesch\u00e4tzte Lesezeit":"3\u00a0Minuten"},"schema":{"@context":"https:\/\/schema.org","@graph":[{"@type":"WebPage","@id":"https:\/\/hof-vogel.de\/?page_id=18","url":"https:\/\/hof-vogel.de\/?page_id=18","name":"H\u00fchnergl\u00fcck - Hof Vogel","isPartOf":{"@id":"https:\/\/hof-vogel.de\/#website"},"primaryImageOfPage":{"@id":"https:\/\/hof-vogel.de\/?page_id=18#primaryimage"},"image":{"@id":"https:\/\/hof-vogel.de\/?page_id=18#primaryimage"},"thumbnailUrl":"https:\/\/hof-vogel.de\/wp-content\/uploads\/2019\/01\/H\u00fchner.jpg","datePublished":"2019-01-16T09:21:29+00:00","dateModified":"2021-07-14T08:56:17+00:00","description":"Freilandeier vom Hof Vogel in Rohrsen - In unseren Selbstbedienungs-H\u00e4uschen k\u00f6nnen Sie sich mit Eiern von gl\u00fccklichen H\u00fchnern versorgen.","breadcrumb":{"@id":"https:\/\/hof-vogel.de\/?page_id=18#breadcrumb"},"inLanguage":"de","potentialAction":[{"@type":"ReadAction","target":["https:\/\/hof-vogel.de\/?page_id=18"]}]},{"@type":"ImageObject","inLanguage":"de","@id":"https:\/\/hof-vogel.de\/?page_id=18#primaryimage","url":"https:\/\/hof-vogel.de\/wp-content\/uploads\/2019\/01\/H\u00fchner.jpg","contentUrl":"https:\/\/hof-vogel.de\/wp-content\/uploads\/2019\/01\/H\u00fchner.jpg","width":2666,"height":1500,"caption":"Frische Eier | Hof Vogel"},{"@type":"BreadcrumbList","@id":"https:\/\/hof-vogel.de\/?page_id=18#breadcrumb","itemListElement":[{"@type":"ListItem","position":1,"name":"Startseite","item":"https:\/\/hof-vogel.de\/"},{"@type":"ListItem","position":2,"name":"H\u00fchnergl\u00fcck"}]},{"@type":"WebSite","@id":"https:\/\/hof-vogel.de\/#website","url":"https:\/\/hof-vogel.de\/","name":"Hof Vogel","description":"","publisher":{"@id":"https:\/\/hof-vogel.de\/#organization"},"potentialAction":[{"@type":"SearchAction","target":{"@type":"EntryPoint","urlTemplate":"https:\/\/hof-vogel.de\/?s={search_term_string}"},"query-input":{"@type":"PropertyValueSpecification","valueRequired":true,"valueName":"search_term_string"}}],"inLanguage":"de"},{"@type":"Organization","@id":"https:\/\/hof-vogel.de\/#organization","name":"Hof Vogel","url":"https:\/\/hof-vogel.de\/","logo":{"@type":"ImageObject","inLanguage":"de","@id":"https:\/\/hof-vogel.de\/#\/schema\/logo\/image\/","url":"https:\/\/hof-vogel.de\/wp-content\/uploads\/2019\/02\/Villa-H\u00fchnergl\u00fcck_Logo_Zeichenfl\u00e4che-1.png","contentUrl":"https:\/\/hof-vogel.de\/wp-content\/uploads\/2019\/02\/Villa-H\u00fchnergl\u00fcck_Logo_Zeichenfl\u00e4che-1.png","width":2341,"height":1997,"caption":"Hof Vogel"},"image":{"@id":"https:\/\/hof-vogel.de\/#\/schema\/logo\/image\/"}}]}},"_links":{"self":[{"href":"https:\/\/hof-vogel.de\/index.php?rest_route=\/wp\/v2\/pages\/18","targetHints":{"allow":["GET"]}}],"collection":[{"href":"https:\/\/hof-vogel.de\/index.php?rest_route=\/wp\/v2\/pages"}],"about":[{"href":"https:\/\/hof-vogel.de\/index.php?rest_route=\/wp\/v2\/types\/page"}],"author":[{"embeddable":true,"href":"https:\/\/hof-vogel.de\/index.php?rest_route=\/wp\/v2\/users\/1"}],"replies":[{"embeddable":true,"href":"https:\/\/hof-vogel.de\/index.php?rest_route=%2Fwp%2Fv2%2Fcomments&post=18"}],"version-history":[{"count":22,"href":"https:\/\/hof-vogel.de\/index.php?rest_route=\/wp\/v2\/pages\/18\/revisions"}],"predecessor-version":[{"id":255,"href":"https:\/\/hof-vogel.de\/index.php?rest_route=\/wp\/v2\/pages\/18\/revisions\/255"}],"wp:featuredmedia":[{"embeddable":true,"href":"https:\/\/hof-vogel.de\/index.php?rest_route=\/wp\/v2\/media\/46"}],"wp:attachment":[{"href":"https:\/\/hof-vogel.de\/index.php?rest_route=%2Fwp%2Fv2%2Fmedia&parent=18"}],"curies":[{"name":"wp","href":"https:\/\/api.w.org\/{rel}","templated":true}]}}